{"id":16,"date":"2024-02-08T16:44:34","date_gmt":"2024-02-08T15:44:34","guid":{"rendered":"http:\/\/lebe-im-lot.de\/lebe\/?page_id=16"},"modified":"2025-01-30T17:26:51","modified_gmt":"2025-01-30T16:26:51","slug":"ueber-uns","status":"publish","type":"page","link":"https:\/\/lebe-im-lot.de\/lebe\/ueber-uns\/","title":{"rendered":"\u00fcber uns"},"content":{"rendered":"\t\t<div data-elementor-type=\"wp-page\" data-elementor-id=\"16\" class=\"elementor elementor-16\">\n\t\t\t\t<div class=\"elementor-element elementor-element-2440b9d e-flex e-con-boxed e-con e-parent\" data-id=\"2440b9d\" data-element_type=\"container\">\n\t\t\t\t\t<div class=\"e-con-inner\">\n\t\t\t\t<div class=\"elementor-element elementor-element-31a50a0 elementor-widget elementor-widget-text-editor\" data-id=\"31a50a0\" data-element_type=\"widget\" data-widget_type=\"text-editor.default\">\n\t\t\t\t<div class=\"elementor-widget-container\">\n\t\t\t\t\t\t\t\t\t<p><strong><img fetchpriority=\"high\" decoding=\"async\" class=\"size-medium wp-image-138 alignleft\" src=\"http:\/\/lebe-im-lot.de\/lebe\/wp-content\/uploads\/2024\/02\/Andrea_Euler-mittlere-Groesse-300x225.jpg\" alt=\"\" width=\"300\" height=\"225\" srcset=\"https:\/\/lebe-im-lot.de\/lebe\/wp-content\/uploads\/2024\/02\/Andrea_Euler-mittlere-Groesse-300x225.jpg 300w, https:\/\/lebe-im-lot.de\/lebe\/wp-content\/uploads\/2024\/02\/Andrea_Euler-mittlere-Groesse-1024x768.jpg 1024w, https:\/\/lebe-im-lot.de\/lebe\/wp-content\/uploads\/2024\/02\/Andrea_Euler-mittlere-Groesse-768x576.jpg 768w, https:\/\/lebe-im-lot.de\/lebe\/wp-content\/uploads\/2024\/02\/Andrea_Euler-mittlere-Groesse-1536x1152.jpg 1536w, https:\/\/lebe-im-lot.de\/lebe\/wp-content\/uploads\/2024\/02\/Andrea_Euler-mittlere-Groesse.jpg 1890w\" sizes=\"(max-width: 300px) 100vw, 300px\" \/><\/strong><\/p><p><strong>Andrea Euler<\/strong><\/p><p>Heilpraktikerin \u2013 Osteopathin \u2013 Yogalehrerin BDY\/EYU<\/p><p>Mitglied im Verband der Osteopathen Deutschland e.V. (VOD)<\/p><p>Praxisinhaberin<\/p><h5>\u00a0<\/h5><p><strong>Mein Grundsatz<br \/><\/strong>Ich bin \u00fcberzeugt, dass Zufriedenheit das Fundament bildet f\u00fcr ein friedliches Miteinander der Menschen in unserer Welt. K\u00f6rperliche Gesundheit und geistige Freiheit bilden hierzu eine elementare Voraussetzung, um diese Zufriedenheit zu etablieren. Ich freue mich, wenn ich Menschen unterst\u00fctzen kann gesund zu werden, gesund zu bleiben oder Beschwerden zu lindern.<\/p><h5><strong>Vita<\/strong><\/h5><p><strong>Osteopathie<br \/><\/strong>6-j\u00e4hrige Ausbildung in Osteopathie f\u00fcr S\u00e4uglinge, Kinder und Erwachsene an der Still Academy in Oberhausen.<\/p><p><strong>Spiraldynamik<br \/><\/strong>1-j\u00e4hrige Ausbildung in Spiraldynamik Basic med. in Berlin<\/p><p><strong>Yoga und Yogatherapie<br \/><\/strong>2-j\u00e4hrige Ausbildung zur Yogatherapeutin durch R.Sriram in Beerfelden.<br \/>Weiterbildung Yoga in der Schwangerschaft bei Cornelia Slisch, Frankfurt.<br \/>4-j\u00e4hrige Ausbildung zur krankenkassenzertifizierten Yogalehrerin bei yogasaram in Frankfurt.<\/p><p><strong>Di\u00e4tetik und Phytotherapie<br \/><\/strong>2-j\u00e4hrige Ausbildung in \u0100yurveda Medizin, Ern\u00e4hrungslehre und Kr\u00e4uterheilkunde durch die Rosenberg Academy in Birstein und Dr. Kalyani Nagersheth in Frankfurt.<\/p><p><strong>Weiterbildungen und Supervision<br \/><\/strong>Gem\u00e4\u00df den Richtlinien des VOD &#8211; Verband der Osteopathen Deutschland e.V. nehme ich regelm\u00e4\u00dfig an Fortbildungen teil. <br \/>Dies praktiziere ich ebenso in den Fachgebieten Yoga und \u0100yurveda.<br \/>Zur Supervision treffe ich mehrfach im Jahr meinen Yogalehrer J\u00fcrgen Slisch.<\/p>\t\t\t\t\t\t\t\t<\/div>\n\t\t\t\t<\/div>\n\t\t\t\t\t<\/div>\n\t\t\t\t<\/div>\n\t\t<div class=\"elementor-element elementor-element-205ad50 e-flex e-con-boxed e-con e-parent\" data-id=\"205ad50\" data-element_type=\"container\">\n\t\t\t\t\t<div class=\"e-con-inner\">\n\t\t\t\t<div class=\"elementor-element elementor-element-ef0020b elementor-widget elementor-widget-text-editor\" data-id=\"ef0020b\" data-element_type=\"widget\" data-widget_type=\"text-editor.default\">\n\t\t\t\t<div class=\"elementor-widget-container\">\n\t\t\t\t\t\t\t\t\t<p><strong><img decoding=\"async\" class=\"size-medium wp-image-105 alignleft\" src=\"http:\/\/lebe-im-lot.de\/lebe\/wp-content\/uploads\/2024\/02\/LIL-2320-2-300x200.jpg\" alt=\"\" width=\"300\" height=\"200\" srcset=\"https:\/\/lebe-im-lot.de\/lebe\/wp-content\/uploads\/2024\/02\/LIL-2320-2-300x200.jpg 300w, https:\/\/lebe-im-lot.de\/lebe\/wp-content\/uploads\/2024\/02\/LIL-2320-2-1024x681.jpg 1024w, https:\/\/lebe-im-lot.de\/lebe\/wp-content\/uploads\/2024\/02\/LIL-2320-2-768x511.jpg 768w, https:\/\/lebe-im-lot.de\/lebe\/wp-content\/uploads\/2024\/02\/LIL-2320-2.jpg 1287w\" sizes=\"(max-width: 300px) 100vw, 300px\" \/><\/strong><\/p><p><strong>Hans Peter St\u00fcckler<\/strong><\/p><p>Kursleiter Meditation, Entspannungsp\u00e4dagoge, Klangarbeiter<\/p><p>Zertifiziert durch den Berufsverband f\u00fcr Entspannungsp\u00e4dagogen<\/p><p>\u00a0<\/p><p>\u00a0<\/p><p><strong>Mein Grundsatz<br \/><\/strong>Es gibt im Leben keine unn\u00f6tigen Umwege \u2013 alles hat seinen tieferen Sinn. Das bedeutet f\u00fcr mich, dass alles, was wir erleben oder uns widerf\u00e4hrt, zu unserer Entwicklung beitragen kann. Hadern wir also nicht mit unserem Schicksal, sondern schauen wir, was wir daraus erkennen und lernen k\u00f6nnen.<\/p><p>\u00a0<\/p><h5><strong>Vita<\/strong><\/h5><p><strong>Meditation<br \/><\/strong>Vipassana Meditation erlernt 1980 bei S.N. Goenka in Igatpuri, Indien.<br \/>In Folge und bis heute verschiedene Weiterbildungen und Bef\u00e4higung zum Kursleiter.<\/p><p><strong>Entspannung<br \/><\/strong>Ausbildung zum Entspannungsp\u00e4dagogen mit Kursleiterabschluss Autogenes Training und Progressive Muskelentspannung bei Akademie f\u00fcr Gesundes Leben in Oberursel.<\/p><p><strong>Klangarbeit<br \/><\/strong>Verschiedene Ausbildungsseminare zu Klangkonzert, Klangmeditation und Klangmassagen mit Gong, Klangschalen und Monochord bei Akademie f\u00fcr heilsame Klangkunst, Battweiler sowie Csongor K\u00f6lcze, Brieden.<\/p><p>Mit all meinen Angeboten m\u00f6chte ich die gr\u00f6\u00dftm\u00f6gliche Alltagstauglichkeit vermitteln. Meditation und Entspannung ist erlernbar. Pers\u00f6nliche Vorlieben d\u00fcrfen genutzt werden, damit sich Meditation als auch Entspannung positiv im t\u00e4glichen Leben auswirkt und ein Leben im Lot m\u00f6glich ist.<\/p>\t\t\t\t\t\t\t\t<\/div>\n\t\t\t\t<\/div>\n\t\t\t\t\t<\/div>\n\t\t\t\t<\/div>\n\t\t\t\t<\/div>\n\t\t","protected":false},"excerpt":{"rendered":"<p>Andrea Euler Heilpraktikerin \u2013 Osteopathin \u2013 Yogalehrerin BDY\/EYU Mitglied im Verband der Osteopathen Deutschland e.V. (VOD) Praxisinhaberin \u00a0 Mein GrundsatzIch bin \u00fcberzeugt, dass Zufriedenheit das Fundament bildet f\u00fcr ein friedliches Miteinander der Menschen in unserer Welt. K\u00f6rperliche Gesundheit und geistige Freiheit bilden hierzu eine elementare Voraussetzung, um diese Zufriedenheit zu etablieren. Ich freue mich, wenn &#8230; <a title=\"\u00fcber uns\" class=\"read-more\" href=\"https:\/\/lebe-im-lot.de\/lebe\/ueber-uns\/\" aria-label=\"Mehr Informationen \u00fcber \u00fcber uns\">Weiterlesen<\/a><\/p>\n","protected":false},"author":1,"featured_media":0,"parent":0,"menu_order":0,"comment_status":"closed","ping_status":"closed","template":"","meta":{"footnotes":""},"class_list":["post-16","page","type-page","status-publish"],"_links":{"self":[{"href":"https:\/\/lebe-im-lot.de\/lebe\/wp-json\/wp\/v2\/pages\/16","targetHints":{"allow":["GET"]}}],"collection":[{"href":"https:\/\/lebe-im-lot.de\/lebe\/wp-json\/wp\/v2\/pages"}],"about":[{"href":"https:\/\/lebe-im-lot.de\/lebe\/wp-json\/wp\/v2\/types\/page"}],"author":[{"embeddable":true,"href":"https:\/\/lebe-im-lot.de\/lebe\/wp-json\/wp\/v2\/users\/1"}],"replies":[{"embeddable":true,"href":"https:\/\/lebe-im-lot.de\/lebe\/wp-json\/wp\/v2\/comments?post=16"}],"version-history":[{"count":49,"href":"https:\/\/lebe-im-lot.de\/lebe\/wp-json\/wp\/v2\/pages\/16\/revisions"}],"predecessor-version":[{"id":544,"href":"https:\/\/lebe-im-lot.de\/lebe\/wp-json\/wp\/v2\/pages\/16\/revisions\/544"}],"wp:attachment":[{"href":"https:\/\/lebe-im-lot.de\/lebe\/wp-json\/wp\/v2\/media?parent=16"}],"curies":[{"name":"wp","href":"https:\/\/api.w.org\/{rel}","templated":true}]}}