{"id":42,"date":"2024-02-08T17:07:22","date_gmt":"2024-02-08T16:07:22","guid":{"rendered":"http:\/\/lebe-im-lot.de\/lebe\/?page_id=42"},"modified":"2026-02-02T13:06:20","modified_gmt":"2026-02-02T12:06:20","slug":"osteopathie","status":"publish","type":"page","link":"https:\/\/lebe-im-lot.de\/lebe\/osteopathie\/","title":{"rendered":"Osteopathie"},"content":{"rendered":"\t\t<div data-elementor-type=\"wp-page\" data-elementor-id=\"42\" class=\"elementor elementor-42\">\n\t\t\t\t<div class=\"elementor-element elementor-element-702a500 e-con-full e-flex e-con e-parent\" data-id=\"702a500\" data-element_type=\"container\">\n\t\t\t\t<div class=\"elementor-element elementor-element-5123362 elementor-widget elementor-widget-image\" data-id=\"5123362\" data-element_type=\"widget\" data-widget_type=\"image.default\">\n\t\t\t\t<div class=\"elementor-widget-container\">\n\t\t\t\t\t\t\t\t\t\t\t\t\t\t\t<img decoding=\"async\" src=\"https:\/\/lebe-im-lot.de\/lebe\/wp-content\/uploads\/2024\/02\/LIL-4053-scaled.jpg\" title=\"LIL-4053\" alt=\"LIL-4053\" loading=\"lazy\" \/>\t\t\t\t\t\t\t\t\t\t\t\t\t\t\t<\/div>\n\t\t\t\t<\/div>\n\t\t\t\t<\/div>\n\t\t<div class=\"elementor-element elementor-element-b9987bf e-flex e-con-boxed e-con e-parent\" data-id=\"b9987bf\" data-element_type=\"container\">\n\t\t\t\t\t<div class=\"e-con-inner\">\n\t\t\t\t\t<\/div>\n\t\t\t\t<\/div>\n\t\t<div class=\"elementor-element elementor-element-eb05f83 e-flex e-con-boxed e-con e-parent\" data-id=\"eb05f83\" data-element_type=\"container\">\n\t\t\t\t\t<div class=\"e-con-inner\">\n\t\t\t\t<div class=\"elementor-element elementor-element-57a8ed6 elementor-widget elementor-widget-text-editor\" data-id=\"57a8ed6\" data-element_type=\"widget\" data-widget_type=\"text-editor.default\">\n\t\t\t\t<div class=\"elementor-widget-container\">\n\t\t\t\t\t\t\t\t\t<p>\u00a0<\/p><p>Die Osteopathie ist eine ganzheitliche Behandlungsmethode. Sie basiert auf die genauen Kenntnisse der Anatomie und Physiologie des Menschen und beachtet die Wechselwirkung zwischen k\u00f6rperlichem, geistigem und seelischem Gleichgewicht. \u00a0<\/p><p>Die meisten Menschen erfahren im Laufe ihres Lebens Erkrankungen, Unf\u00e4lle, St\u00fcrze und Operationen. Auch eine ungesunde Ern\u00e4hrung oder Lebensweise kann den K\u00f6rper krank machen und L\u00e4sionen hervorrufen. Der medizinische Fachbegriff L\u00e4sion bezeichnet eine Sch\u00e4digung, Verletzung, krankmachende Ver\u00e4nderung oder St\u00f6rung im menschlichen K\u00f6rper. Selbst die Geburt eines Menschen (zu schnell, zu lange, Zange, Saugglocke, Kaiserschnitt) kann Funktionsst\u00f6rungen hervorrufen. Ein\/e Osteopath*in untersucht den Menschen mit den H\u00e4nden, um diese offensichtlichen oder verborgenen L\u00e4sionen zu finden. Hierbei werden alle Organe, Gewebe und Strukturen befundet und mithilfe verschiedener Techniken behandelt.<\/p><p>Begr\u00fcndet wurde die Osteopathie von dem amerikanischen Arzt Andrew Taylor Still (1828 \u2013 1917).<\/p><h5><strong>Osteopathie f\u00fcr Erwachsene<\/strong><\/h5><p><strong>Ablauf des ersten Termines<br \/><\/strong>Nach einer ausf\u00fchrlichen Anamnese untersuche ich Sie mithilfe meiner H\u00e4nde. H\u00e4ufig zeigt sich hier, dass der Ort der Symptome nicht mit dem Ort der Ursache \u00fcbereinstimmt. Daher kann die anschlie\u00dfende Behandlung sowohl am Ort des Symptoms als auch an der Ursache sein. Wenn es n\u00f6tig ist, bekommen Sie von mir K\u00f6rper\u00fcbungen, Atem\u00fcbungen, Ern\u00e4hrungsempfehlungen oder Heilkr\u00e4uter empfohlen. <br \/>Die Erstbehandlung dauert zwischen 50 und 75 Minuten und kostet zwischen 90 \u20ac und 135 \u20ac.<\/p><p><strong>Weitere Termine<br \/><\/strong>Nachfolgende Behandlungen k\u00f6nnen bei chronischen Erkrankungen oder neu auftretenden L\u00e4sionen notwendig sein. <br \/>Eine Folgebehandlung dauert 45 bis 50 Minuten und kostet 90 \u20ac.<\/p><h5><strong>Osteopathie speziell f\u00fcr Frauen<\/strong><\/h5><p>Trotz vieler Fortschritte im Bereich der Geschlechtergleichheit sind die Themen Gyn\u00e4kologie und Urologie h\u00e4ufig ein Tabuthema. Unterleibsschmerzen, Schmerzen beim Geschlechtsverkehr, Blasenprobleme, Senkung des Beckenbodens und der Geb\u00e4rmutter sind zentrale Themen in meiner Praxis mit Frauen. Das Lebenszeitrisiko, aufgrund solcher Beschwerden eine Operation zu haben liegt bei 11%. Viele Frauen leiden unter nicht zufriedenstellenden Ergebnissen dieser Operationen. Es ist mir ein gro\u00dfes Anliegen, Frauen den Zusammenhang der urogenitalen Organe und Strukturen aufzuzeigen. Mit sanften, pr\u00e4zisen Techniken behandelt die Osteopathie auch hier die Organe und Gewebe immer im Zusammenhang zum ganzen K\u00f6rper.<\/p><p><strong>\u00a0<\/strong><\/p><h5><strong>Osteopathie in der Schwangerschaft und Stillzeit<\/strong><\/h5><p>Der Verlauf einer Schwangerschaft ist von besonderer Bedeutung f\u00fcr das ungeborene Kind und eine besondere Zeit f\u00fcr die meisten Frauen. Eine Schwangerschaft ist von Anfang bis Ende ein nat\u00fcrlicher Prozess. Eine entspannte, unbelastete und freudig erlebte Schwangerschaft senkt die Gefahr einer Fr\u00fchgeburt und Komplikationen bei der Geburt. Durch die hormonellen und k\u00f6rperlichen Ver\u00e4nderungen treten bei manchen Frauen Beschwerden auf. In der ersten Phase h\u00e4ufig \u00dcbelkeit und Erbrechen, in der weiteren Zeit Sodbrennen, R\u00fcckenschmerzen oder Wassereinlagerungen. Die Osteopathie unterst\u00fctzt schwangere Frauen mit sanften Techniken diese Beschwerden zu lindern oder auszuschalten.<\/p><h5><strong>Osteopathie f\u00fcr Babys, S\u00e4uglinge und Kinder<\/strong><\/h5><p>Von der Geburt bis zur Vollendung der Pubert\u00e4t macht der junge Organismus, wie in keiner Zeit sonst, sehr gro\u00dfe anatomische und physiologische Ver\u00e4nderungen durch. Bereits durch die enormen Kr\u00e4fte, die w\u00e4hrend des Geburtsvorgangs auftreten und auch durch das Einsetzen von Hilfsmittel wie Zange, Saugglocke, PDA oder ein Kaiserschnitt k\u00f6nnen Asymmetrien und Funktionsst\u00f6rungen entstehen, die im Wachstum gro\u00dfe Folgen haben k\u00f6nnen. Die Osteopathie kann hier einen sehr wertvollen Beitrag leisten, L\u00e4sionen zu beheben und die Kinder in ihrer Entwicklung zu f\u00f6rdern.<br \/>Bei Babys, S\u00e4uglingen und Kindern kann die Behandlung zwischen 30 und 50 Minuten dauern und kostet zwischen 50 \u20ac und 90 \u20ac<\/p><p>Schwangere, Stillende, Babys, S\u00e4uglinge und Kinder zu behandeln erfordert eine fundierte Ausbildung. Der Berufsverband der Osteopathen VOD e.V. vergibt hier das Qualit\u00e4tssiegel \u201eKindersymbol\u201c an Osteopath*innen mit einer entsprechenden Ausbildung. Ich freue mich, dieses Qualit\u00e4tssiegel f\u00fchren zu d\u00fcrfen.<\/p><h5><strong>Kostenerstattung<\/strong><\/h5><p>Osteopathie wird von einigen gesetzlichen Kassen bezuschusst. Teilweise wird zum Einreichen bei der Krankenkasse ein vorab von der Haus\u00e4rztin \/ vom Hausarzt ausgestelltes Privatrezept ben\u00f6tigt. Bitte kontaktieren Sie hierzu ihre Krankenkasse.<\/p><p>Sollten Sie eine Zusatzversicherung haben, fragen Sie auch hier vorab nach, welche Leistungen erstattet werden.<\/p><p>Privatpatienten bekommen in der Regel die Kosten f\u00fcr die Behandlung von Ihrer Versicherung oder Beihilfe erstattet. Wir empfehlen Ihnen, dies im Vorfeld mit Ihrer Versicherung und\/oder Beihilfe zu kl\u00e4ren.<\/p><p>Wir berechnen unser Honorar nach der Geb\u00fchrenordnung f\u00fcr Heilpraktiker (Geb\u00fcH).<\/p>\t\t\t\t\t\t\t\t<\/div>\n\t\t\t\t<\/div>\n\t\t\t\t\t<\/div>\n\t\t\t\t<\/div>\n\t\t\t\t<\/div>\n\t\t","protected":false},"excerpt":{"rendered":"<p>\u00a0 Die Osteopathie ist eine ganzheitliche Behandlungsmethode. Sie basiert auf die genauen Kenntnisse der Anatomie und Physiologie des Menschen und beachtet die Wechselwirkung zwischen k\u00f6rperlichem, geistigem und seelischem Gleichgewicht. \u00a0 Die meisten Menschen erfahren im Laufe ihres Lebens Erkrankungen, Unf\u00e4lle, St\u00fcrze und Operationen. Auch eine ungesunde Ern\u00e4hrung oder Lebensweise kann den K\u00f6rper krank machen und &#8230; <a title=\"Osteopathie\" class=\"read-more\" href=\"https:\/\/lebe-im-lot.de\/lebe\/osteopathie\/\" aria-label=\"Mehr Informationen \u00fcber Osteopathie\">Weiterlesen<\/a><\/p>\n","protected":false},"author":1,"featured_media":0,"parent":0,"menu_order":0,"comment_status":"closed","ping_status":"closed","template":"","meta":{"footnotes":""},"class_list":["post-42","page","type-page","status-publish"],"_links":{"self":[{"href":"https:\/\/lebe-im-lot.de\/lebe\/wp-json\/wp\/v2\/pages\/42","targetHints":{"allow":["GET"]}}],"collection":[{"href":"https:\/\/lebe-im-lot.de\/lebe\/wp-json\/wp\/v2\/pages"}],"about":[{"href":"https:\/\/lebe-im-lot.de\/lebe\/wp-json\/wp\/v2\/types\/page"}],"author":[{"embeddable":true,"href":"https:\/\/lebe-im-lot.de\/lebe\/wp-json\/wp\/v2\/users\/1"}],"replies":[{"embeddable":true,"href":"https:\/\/lebe-im-lot.de\/lebe\/wp-json\/wp\/v2\/comments?post=42"}],"version-history":[{"count":76,"href":"https:\/\/lebe-im-lot.de\/lebe\/wp-json\/wp\/v2\/pages\/42\/revisions"}],"predecessor-version":[{"id":585,"href":"https:\/\/lebe-im-lot.de\/lebe\/wp-json\/wp\/v2\/pages\/42\/revisions\/585"}],"wp:attachment":[{"href":"https:\/\/lebe-im-lot.de\/lebe\/wp-json\/wp\/v2\/media?parent=42"}],"curies":[{"name":"wp","href":"https:\/\/api.w.org\/{rel}","templated":true}]}}